{"id":242,"date":"2019-01-20T18:42:06","date_gmt":"2019-01-20T17:42:06","guid":{"rendered":"http:\/\/gites-dinant.be\/?page_id=242"},"modified":"2019-01-21T15:26:41","modified_gmt":"2019-01-21T14:26:41","slug":"situation","status":"publish","type":"page","link":"https:\/\/gites-dinant.be\/?page_id=242","title":{"rendered":"Situation"},"content":{"rendered":"<p>Situ\u00e9 entre les routes du Condroz et des Ardennes, le village de Foy-Notre-Dame n&rsquo;est qu&rsquo;\u00e0 7 km de Dinant et de la vall\u00e9e mosane. La Lesse et la Leffe, rivi\u00e8res r\u00e9put\u00e9es ne sont qu&rsquo;\u00e0 dix minutes, alors qu&rsquo;\u00e0 cinq minutes, vous arrivez d\u00e9j\u00e0 \u00e0 un centre commercial.<\/p>\n<p><iframe loading=\"lazy\" src=\"https:\/\/www.google.com\/maps\/embed?pb=!1m17!1m11!1m3!1d1482.5800485958166!2d4.988472816779657!3d50.24713278793322!2m2!1f0!2f0!3m2!1i1024!2i768!4f13.1!3m3!1m2!1s0x0%3A0xcbc07bb36845b655!2sLes+Gites+de+Foy!5e1!3m2!1sfr!2sbe!4v1548080719215\" width=\"600\" height=\"450\" frameborder=\"0\" style=\"border:0\" allowfullscreen><\/iframe><\/p>\n","protected":false},"excerpt":{"rendered":"<p>Situ\u00e9 entre les routes du Condroz et des Ardennes, le village de Foy-Notre-Dame n&rsquo;est qu&rsquo;\u00e0 7 km de Dinant et de la vall\u00e9e mosane. La Lesse et la Leffe, rivi\u00e8res r\u00e9put\u00e9es ne sont qu&rsquo;\u00e0 dix minutes, alors qu&rsquo;\u00e0 cinq minutes,<\/p>\n","protected":false},"author":1,"featured_media":0,"parent":0,"menu_order":0,"comment_status":"closed","ping_status":"closed","template":"","meta":[],"_links":{"self":[{"href":"https:\/\/gites-dinant.be\/index.php?rest_route=\/wp\/v2\/pages\/242"}],"collection":[{"href":"https:\/\/gites-dinant.be\/index.php?rest_route=\/wp\/v2\/pages"}],"about":[{"href":"https:\/\/gites-dinant.be\/index.php?rest_route=\/wp\/v2\/types\/page"}],"author":[{"embeddable":true,"href":"https:\/\/gites-dinant.be\/index.php?rest_route=\/wp\/v2\/users\/1"}],"replies":[{"embeddable":true,"href":"https:\/\/gites-dinant.be\/index.php?rest_route=%2Fwp%2Fv2%2Fcomments&post=242"}],"version-history":[{"count":4,"href":"https:\/\/gites-dinant.be\/index.php?rest_route=\/wp\/v2\/pages\/242\/revisions"}],"predecessor-version":[{"id":256,"href":"https:\/\/gites-dinant.be\/index.php?rest_route=\/wp\/v2\/pages\/242\/revisions\/256"}],"wp:attachment":[{"href":"https:\/\/gites-dinant.be\/index.php?rest_route=%2Fwp%2Fv2%2Fmedia&parent=242"}],"curies":[{"name":"wp","href":"https:\/\/api.w.org\/{rel}","templated":true}]}}